683. Calculate f(p).
107
Suppose -7*c = -2*c + 5. Let d be ((-1)/c)/(3 - 76/24). Let o(g) be the second derivative of -g**4/12 - 5*g**3/6 - 7*g**2/2 - 4*g. What is o(d)?
-13
Let p(h) = 26*h + 32*h + 34*h - 93*h - 1. Let l(s) = -5. Suppose 2*o + 2 = -0*o. Let m(i) = o*l(i) + 4*p(i). What is m(-3)?
13
Let q(h) be the third derivative of -2*h**4/3 + 8*h**3/3 - 2668*h**2. Give q(3).
-32
Let y(q) = 17*q + 132. Suppose 11 = -2*r + 5*j, -7*r - 3*j = -5*r + 19. Let v be y(r). Let c(h) = -3*h**2 - 3*h + 3. Give c(v).
-33
Let q be (-2*3/4)/((-516)/(-688)). Let t(i) = 29*i**2 + 63*i. Determine t(q).
-10
Let p(y) = 4 - 9 + 20 + 23 - y - y. Give p(17).
4
Suppose -9*l + 44 = -53*l. Let c(b) = -21*b**3 + b**2 - 21*b**3 + 76*b**3 - 26*b**3. Calculate c(l).
-7
Let c(z) = -z + 20. Let p be c(19). Suppose 5*v = 3*l + p, -2*l - 2 = 5*v - 7*v. Let i(g) = -g + 26*g - 12*g. Determine i(v).
-13
Let n = -48 + 50. Let l(q) = q - 435 + 441 - n*q. Suppose -4*x + 5*x = -3*a + 18, 5*a - 5*x = 10. Determine l(a).
1
Let d(z) = 4*z**3 + z. Let o = -4 - -4. Let m be 3 - (o - -1 - -2). Suppose m = -5*j - 0 + 5. Determine d(j).
5
Let h(c) = 4*c + 212*c**2 - 25*c - 39 - 213*c**2. Give h(-19).
-1
Suppose -10*p - 30 - 40 = 0. Let n(k) = -2*k**3 - 8*k**2 + k + 4. Let j(u) = 5*u**3 + 17*u**2 - 2*u - 7. Let c(o) = p*n(o) - 3*j(o). Give c(5).
-12
Let h be (-100)/(-50) + 1/(1/40). Suppose 3*j + 2*a = -20, -2*a + a + h = -5*j. Let x(n) = -n**3 - 8*n**2 + 9. Give x(j).
9
Let b(v) = v**3 - v**2 - v + 5. Let w(r) be the second derivative of -2*r**3/3 + 14*r**2 - 79*r. Let d be w(7). Calculate b(d).
5
Let z(k) = -40*k + 75. Let g(i) = -67*i + 121. Let f(q) = -3*g(q) + 5*z(q). Let d = -2 - 7. Calculate f(d).
3
Suppose 3*x = 17*x - 84. Let c(l) = -3*l**2 - l + 17. Let z(t) = -8*t**2 - 4*t + 49. Let y(f) = 11*c(f) - 4*z(f). Calculate y(x).
-15
Suppose 5*b - 10 = 2*z + 4, -3*z - b = -13. Suppose 2*l - 144 = -2*a, -4*a + 87 = -z*a + 4*l. Let u = 60 - a. Let x(t) = t**2 + 7*t - 3. Give x(u).
-3
Let p(w) = -w + 11. Let c(v) = v**3 + 5*v**2 + 8*v - 7. Let x be c(-3). Let b be 3/2 + x/(260/30). What is p(b)?
11
Suppose -14*u + 26*u = 15*u + 7*u. Let d(p) = -p**2 - 4*p + 137. Determine d(u).
137
Let i(y) = -23*y + 10*y - 43 + 48 + 0*y - 2*y**2. What is i(-10)?
-65
Let y(m) = -2*m**2 + 29*m + 157. Let w(j) = j**2 - 15*j - 72. Let h(x) = -9*w(x) - 4*y(x). What is h(19)?
20
Let t(c) be the first derivative of c**7/840 - c**6/120 - c**5/40 + c**4/8 - 2*c**3 - 10*c + 50. Let q(l) be the third derivative of t(l). Calculate q(4).
7
Let y(x) = 2*x - 27*x + 26*x + 30. Calculate y(-17).
13
Let k(s) = 2*s**3 + 20*s**2 + 24*s + 51. Let i be k(-9). Let v(m) = 8*m + 1. Determine v(i).
-23
Suppose 2 - 10 = -4*m. Let k(d) = -49*d**m + 8 + 7*d - 2 - 54*d**2 + 102*d**2. Give k(8).
-2
Let h(w) = -w**3 - 24*w**2 + 261*w + 171. Let p be h(-32). Let n(b) = -3*b**2 + 33*b - 1. Give n(p).
-1
Let v(i) be the third derivative of i**8/20160 - i**7/504 + i**6/72 + i**5/60 - 35*i**4/8 + 199*i**2. Let y(k) be the third derivative of v(k). Calculate y(10).
10
Let t(l) be the second derivative of -1/20*l**5 - 3/2*l**2 - 48 - 1/3*l**4 - 2/3*l**3 - l. Determine t(-4).
13
Let c(k) = -243*k + 1207. Let q be c(5). Let t(o) = -o**2 - 7*o + 18. Determine t(q).
10
Let u = -92 + 181. Let g = -84 + u. Let o(a) = -2*a**2 + 7*a - 1. What is o(g)?
-16
Let k(h) = h**2 + 7*h - 14. Let l(a) = 17*a - 755. Let s be l(44). Determine k(s).
-14
Let j be 6/(-1)*(-1)/3. Let p = 1513 + -1497. Let l(h) = -6*h - h**j - 6 - 2*h + p*h. What is l(5)?
9
Let z = -75 + 83. Let d be (-54)/36*z/(-6). Suppose 0 = -3*s - 3*c + 9, 6*c - d*c = 0. Let m(k) = 2*k + 1. What is m(s)?
7
Let d be 6*(-165)/(-12)*8/(-10). Let z = -65 - d. Suppose 5*c + 4 + z = 0. Let a(p) = 5*p - 1. Give a(c).
-6
Let z = -23 - -40. Let b(k) = 17*k**2 - 2*k + k**3 - 34*k**2 - 21 + 3*k. Let d be b(z). Let p(w) = w + 4. Determine p(d).
0
Let l(b) = b**2 - 55. Let s = 1632 - 1625. Determine l(s).
-6
Let i(v) = 7*v**2 + 27*v + 44. Let n(m) = -5*m**2 - 20*m - 32. Let s(q) = -8*i(q) - 11*n(q). Calculate s(2).
4
Suppose 2*f - f = 10. Let g = 46 - 40. Let n(r) = -6 + 6 + f + 5*r - g*r. What is n(5)?
5
Let l(v) = 4*v**3 - 447*v**2 + 32*v - 9. Let i(m) = m**3 - 166*m**2 + 10*m - 3. Let f(o) = 8*i(o) - 3*l(o). Give f(2).
-9
Let w(n) = -7 - n + 6 - 13. Let g be -17 + (-5)/(-1) - 4 - -5. Calculate w(g).
-3
Let v(b) be the third derivative of b**4/24 - 25*b**3/6 + 15*b**2 + 3093*b. Suppose 4*f + 35 + 6 = 3*h, 0 = -4*f + 16. Determine v(h).
-6
Let w(j) be the third derivative of j**6/120 + j**5/30 - j**4/8 + 2*j**3/3 + 994*j**2. Determine w(3).
40
Let l be 777/35 + (63/(-42))/(30/(-16)). Let w(h) = -2*h + 50. What is w(l)?
4
Let q(r) = r**2 - 7*r - 3. Let v be q(7). Let c(p) = -5*p - 48. Let d be c(-10). Let i(f) = 73 + 73 + f**d - 148. What is i(v)?
7
Let y(l) = -23*l**2 - 21*l + 10. Let w(s) = -42*s**2 - 40*s + 20. Let z(n) = -6*w(n) + 11*y(n). What is z(8)?
-2
Let v(p) be the third derivative of -p**6/120 + 2*p**5/5 - p**4/12 - 25*p**3/6 + 5049*p**2. Calculate v(24).
-73
Let q = 3812 + -3834. Let t(u) = 34*u + 743. Give t(q).
-5
Suppose 5*z + 5*u - 195 - 460 = 0, 665 = 5*z - 5*u. Let c(l) = -4 - z*l + 268*l - 133*l + 11. Suppose -10 = 2*j - 0. What is c(j)?
-8
Let t = 280 - 264. Let p(z) = z + t + 15 - 38. What is p(3)?
-4
Let k(u) = -3*u**2 - 17*u - 21. Let w(m) = 10*m**2 + 58*m + 64. Let t(j) = -14*k(j) - 5*w(j). What is t(-6)?
-2
Let m(v) = v**3 - v. Let u(a) be the first derivative of a**4/4 - a**3/3 - a**2 - a + 143. Let q(r) = -5*m(r) + 2*u(r). Calculate q(-2).
12
Let m(s) be the second derivative of -199*s - 1/2*s**2 + 1/12*s**4 + 0 - 4/5*s**5 + 1/6*s**3. Determine m(1).
-15
Let g(x) be the third derivative of -x**6/60 + x**4/24 + 44*x**2. Let u(f) = 11*f**3 + 8*f**2 - 6*f - 8. Let h(k) = -5*g(k) - u(k). What is h(-8)?
0
Let u = 161 - 157. Suppose -4*d + 3*m - 4 = 0, 16 = -d - u*m + m. Let q(f) = 5*f + 4. Give q(d).
-16
Let y(h) = -5*h - 54825*h**3 - 54827*h**3 - 4 + 109653*h**3 + 7*h**2. Give y(-7).
31
Let i(c) = -c**2 + 15*c - 21. Let z(j) = -2*j**2 + 2*j + 37. Let p be z(-3). Calculate i(p).
5
Suppose 4*f = 3 + 5. Let u(m) = -5*m + 8. Let b(k) = -4*k + 30. Let o be b(9). Let l(j) = 4*j - 7. Let y(i) = o*l(i) - 5*u(i). What is y(f)?
4
Let g(m) be the first derivative of m**3/3 - 11*m**2/2 + 12*m + 1. Let f = 106 - 96. Determine g(f).
2
Let i(j) = -7*j**3 - 12*j**2 - 9*j. Let z(x) = -5*x**3 - 10*x**2 - 8*x - 1. Let d(n) = 3*i(n) - 4*z(n). Let m = 36 - 31. What is d(m)?
4
Let m(v) be the third derivative of v**5/60 + 7*v**4/12 - 13*v**3/6 - 16*v**2 + 12. What is m(-11)?
-46
Let j(m) = m**3 + 3*m**2 - m - 4. Let u(t) = t**3 - 6*t**2 - 8*t + 4. Let y be 9 + -1 + (-13)/(26 - 13). Let p be u(y). Calculate j(p).
-1
Let z = 7491 + -7485. Let k(m) be the third derivative of 1/15*m**z + 1/24*m**4 + 1/60*m**5 + 0*m + 0 - 3*m**2 + 1/6*m**3. Determine k(-1).
-7
Let m(l) = -4 + 34 + 5 + 9 + 46 + 24*l. What is m(-4)?
-6
Let j(d) = -15*d**2 - d. Let k(z) = 4*z + 79. Suppose 59 = -3*b - u, 7 + 50 = -3*b - 3*u. Let p be k(b). What is j(p)?
-14
Suppose 4*b + 18 = 50. Let a(v) = 2*v**3 - 2 - 14*v**3 + 3*v**3 + b*v**3 + 3*v. Determine a(2).
-4
Let h be ((-49)/21 - (-3 - 0))*3. Suppose h*i - 9 = -i. Let g(r) = -7*r**2 - 4*r**3 + 5*r**3 - 9 - 3*r + 0*r - i*r. Determine g(8).
7
Let q be (-32)/(-3)*(8 - 5). Suppose 2*r = b - r - 24, q = 3*b - r. Let n(s) = 8 + 54*s + 59*s - 114*s. What is n(b)?
-1
Let n(z) be the first derivative of -5*z**2/2 + 4*z + 15411. Let a = 16 + -10. What is n(a)?
-26
Suppose -85*a + 341 + 23 = -146. Let x(g) be the second derivative of 2*g**3/3 - 3*g**2 - 2*g. What is x(a)?
18
Suppose -5*l = 4*q - 38, 11*l + 5*q - 25 = 7*l. Let c(v) = v**3 - 10*v**2 - 2*v - 5. Calculate c(l).
-25
Let h(a) = -a + 6. Let x(t) be the second derivative of 5*t**3/3 - 127*t**2/2 - 103*t. Let u be x(14). What is h(u)?
-7
Let s(x) = -x**3 + 11*x**2 + 2*x + 10. Let j(d) = -2*d**2 - 16*d - 1. Let y(z) = j(z) + s(z). Determine y(5).
39
Let c(q) = 6*q**3 - 20*q**2 - 3*q + 148. Let v(h) = h**3 - 2*h**2 + 23. Let p(z) = -c(z) + 7*v(z). Determine p(-7).
-57
Suppose 10*c - 3725 + 3865 = 0. Let g(u) = u**3 + 14*u**2 + u + 13. Give g(c).
-1
Let q = 63 - 57. Suppose 0 = -4*t + 2*i - i - 7, q = -4*t + 2*i. Let k(p) = 3*p + 2. De